e 8) in base 16?
22dd
1000111111111101101 (base 2) to base 8
1077755
-223341223 (base 6) to base 9
-7620466
Convert 55249 (base 11) to base 16.
1391b
Convert -2c69d7 (base 14) to base 6.
-53155201
What is -7168843 (base 10) in base 15?
-96917d
Convert 210201 (base 7) to base 9.
54476
Convert 16a8039 (base 11) to base 12.
b773b3
Convert 112201020021 (base 3) to base 5.
33231312
Convert -13513ac (base 13) to base 3.
-102110012212222
112422114 (base 6) to base 14
3c4822
32236766 (base 8) to base 9
13872081
Convert 460667 (base 8) to base 4.
212012313
What is -2ec35 (base 15) in base 12?
-73642
-20200101122 (base 4) to base 8
-10402132
What is 55221311 (base 6) in base 13?
45a8a6
Convert 1582f3 (base 16) to base 7.
14661100
-25984a (base 11) to base 7
-3320255
52066 (base 11) to base 16
128a3
Convert -696a6 (base 11) to base 4.
-120210323
What is -1bebb (base 15) in base 7?
-526346
What is -155521 (base 15) in base 16?
-fb983
Convert 718d7 (base 15) to base 3.
200021111011
8a5314 (base 11) to base 14
297655
-340203004 (base 5) to base 10
-1491004
What is -141665 (base 8) in base 7?
-266032
What is 276600 (base 8) in base 9?
157865
Convert -a7259 (base 11) to base 8.
-460601
Convert -1110223555 (base 6) to base 9.
-24615058
-12423122 (base 5) to base 2
-11110001010010001
What is 704553 (base 8) in base 12?
b2177
Convert 4b966 (base 12) to base 10.
103326
Convert -101221212102221 (base 3) to base 13.
-128b903
Convert 7889b (base 15) to base 9.
643732
-20313010200 (base 4) to base 15
-30d330
Convert -202320535 (base 6) to base 8.
-15212213
-10ad5e (base 15) to base 11
-4a4173
-1a4743 (base 15) to base 9
-2361780
Convert -9ed9a (base 15) to base 9.
-851021
-101110021102 (base 3) to base 16
-323d2
6635245 (base 8) to base 7
21111403
31203 (base 5) to base 15
91d
Convert -22522505 (base 6) to base 12.
-296435
What is 5352460 (base 7) in base 8?
2370513
What is -759868 (base 11) in base 3?
-2021122201112
Convert -1212514 (base 8) to base 10.
-333132
Convert -104414104 (base 5) to base 11.
-299775
What is -240155304 (base 7) in base 9?
-30850426
What is -4555210 (base 7) in base 10?
-568456
What is -111100110111110000 (base 2) in base 12?
-100354
-523264 (base 7) to base 10
-90010
-22521053 (base 9) to base 8
-51563154
1d56a (base 14) to base 8
222632
What is 357a8a0 (base 11) in base 14?
b84c69
-167603 (base 9) to base 11
-71162
561454 (base 10) to base 12
230aba
What is -1050423 (base 10) in base 12?
-427a73
2232113033 (base 4) to base 7
6033122
What is 18765277 (base 9) in base 10?
9491083
Convert 780945 (base 10) to base 16.
bea91
What is -7424300 (base 8) in base 5?
-1001222022
What is 74414 (base 15) in base 12?
15950a
Convert 21200200212211 (base 3) to base 14.
785bc6
Convert 5c3280 (base 13) to base 5.
1031044410
What is -6bb1d (base 16) in base 10?
-441117
Convert 260416 (base 7) to base 13.
18c4c
Convert 111100000110010001100001 (base 2) to base 14.
214153b
What is 2112121001200 (base 3) in base 10?
1350153
What is 6756123 (base 8) in base 12?
740783
Convert -21220101120 (base 3) to base 15.
-3115c
769315 (base 15) to base 5
2421303240
-123001102 (base 4) to base 11
-76173
Convert 2200211122121 (base 3) to base 4.
11132001121
6621612 (base 7) to base 5
201442214
What is 333292 (base 15) in base 13?
675c11
6236d (base 14) to base 5
30033134
-2583540 (base 9) to base 13
-3a6350
-1307a07 (base 12) to base 15
-4deded
156120 (base 7) to base 5
1442213
What is 4122114 (base 8) in base 9?
2042057
-102022141 (base 5) to base 13
-11a95b
Convert -132012340 (base 5) to base 8.
-2403504
What is -1240111112 (base 5) in base 2?
-1011101000110100011110
61710 (base 8) to base 15
787e
Convert -19208 (base 11) to base 16.
-68f6
3033126 (base 8) to base 15
10c212
-10000101001000 (base 2) to base 4
-2011020
Convert 1250410 (base 7) to base 4.
213322033
21602 (base 9) to base 14
5323
What is -113303202 (base 4) in base 7?
-554163
10335035 (base 6) to base 9
518755
Convert -21241625 (base 7) to base 10.
-1808609
What is 14302041 (base 6) in base 5?
111142340
-274309 (base 10) to base 7
-2221510
21230 (base 10) to base 12
10352
-7b8ce (base 15) to base 4
-1200010112
484353 (base 9) to base 13
a2b22
-302432 (base 5) to base 14
-379c
What is 1220210100002 (base 3) in base 12?
411b0b
Convert -19381 (base 16) to base 6.
-2114121
Convert -6a859 (base 12) to base 10.
-142917
What is -11021202100012 (base 3) in base 2?
-1000101100001111100101
Convert -8635da (base 14) to base 3.
-22112210010110
What is 284026 (base 10) in base 2?
1000101010101111010
-4510452 (base 11) to base 5
-4011003211
What is -2e2339 (base 16) in base 13?
-81b373
Convert 15d3b (base 15) to base 8.
211521
31409 (base 13) to base 15
1b395
60026 (base 8) to base 15
744d
Convert 1cf4b3 (base 16) to base 6.
104401231
What is -26657 (base 15) in base 13?
-43c54
What is -b727a (base 16) in base 7?
-6243115
What is 20102201101222 (base 3) in base 8?
15026252
3630764 (base 8) to base 6
33202152
What is 153306 (base 9) in base 2?
10111000001010010
-10443220 (base 5) to base 8
-266570
Convert -4144330 (base 6) to base 9.
-335120
Convert 11130204 (base 5) to base 2.
11000000111110100
Convert -6e38d (base 16) to base 8.
-1561615
What is 50e68 (base 15) in base 9?
430608
Convert -30227 (base 8) to base 7.
-51160
What is -2633066 (base 7) in base 9?
-574408
What is -1000001001001110111111 (base 2) in base 6?
-113432051
What is -2938a (base 11) in base 15?
-c567
Convert -4554043 (base 6) to base 5.
-24423000
What is -107183 (base 11) in base 7?
-1310214
What is -8274936 (base 10) in base 5?
-4104244221
What is -137708 (base 10) in base 7?
-1112324
What is -10ef9 (base 16) in base 7?
-406146
-11353522 (base 8) to base 2
-1001011101011101010010
Convert -63584 (base 9) to base 14.
-11466
Convert 4005741 (base 8) to base 4.
10000233201
1076255 (base 8) to base 4
1013302231
Convert 79a380 (base 11) to base 8.
4666067
What is -2020002100122 (base 3) in base 15?
-185668
Convert -2032c (base 16) to base 5.
-13210014
Convert 13415450 (base 6) to base 3.
212001011110
Convert 190447 (base 11) to base 10.
293355
Convert -451361 (base 16) to base 2.
-10001010001001101100001
Convert 1425088 (base 11) to base 5.
1111424143
Convert -1214b (base 16) to base 2.
-10010000101001011
What is -87aa52 (base 11) in base 16?
-157220
What is -10312321 (base 7) in base 3?
-1122120022101
Convert -4b52a (base 15) to base 2.
-111010110010010110
-231121202011 (base 4) to base 13
-2608c63
7401a (base 11) to base 4
122110320
What is 2024331 (base 6) in base 10?
96895
What is 111909 (base 14) in base 7?
4636112
What is 20222110101 (base 3) in base 2?
100001100010101010
Convert -2760b (base 15) to base 9.
-212142
Convert -251000042 (base 6) to base 15.
-64dd2e
What is 263120 (base 7) in base 5?
3032422
-13431144 (base 5) to base 6
-2554021
Convert 41210611 (base 7) to base 4.
31021311022
Convert 4354453 (base 8) to base 7.
12641140
Convert -507532 (base 10) to base 16.
-7be8c
What is 56472 (base 8) in base 9?
35657
Convert 3033264 (base 7) to base 6.
11424443
What is 116634 (base 8) in base 13?
15499
-3053000 (base 6) to base 4
-203322120
Convert -31132512 (base 6) to base 7.
-10432154
Convert -1024421023 (base 5) to base 8.
-10255043
What is 1011000101000110111111 (base 2) in base 5?
1220421021
26159c2 (base 13) to base 14
1824d85
Convert a26b3 (base 13) to base 8.
1070534
What is -1020111101001 (base 3) in base 5?
-132044122
What is -10001100000011101 (base 2) in base 15?
-163a9
What is -1012201201 (base 4) in base 16?
-46861
What is 114231340 (base 5) in base 4?
2003233023
674575 (base 11) to base 6
35011540
What is -5683335 (base 9) in base 2?
-1011101100101001010001
Convert -11766378 (base 9) to base 5.
-2434144212
264476 (base 13) to base 11
580938
-462584 (base 10) to base 2
-1110000111011111000
b5f4 (base 16) to base 10
46580
What is 10123323213 (base 4) in base 6?
40532103
-3929311 (base 11) to base 13
-15439b5
11100101101010100 (base 2) to base 5
12230323
What is 1005553 (base 7) in base 3?
20002010101
What is -12100020021 (base 3) in base 7?
-615355
What is 50256 (base 12) in base 14?
29cb0
Convert -1001100001111001 (base 2) to base 3.
-1222112200
Convert 18544 (base 9) to base 14.
4970
What is 77205 (base 11) in base 5?
12041201
5cb6d2 (